greatest common factor of b and 4?
4
Suppose 8 = -3*u + 5*k + 1, 0 = -4*u + 2*k. Let x(l) = l**2 + 4*l - 18. Let t be x(-7). What is the highest common divisor of t and u?
1
Suppose 26 = 2*s - 3*b, 2*s - 4*b - 22 = 6. Let n be 2/(-3)*-5*3. What is the greatest common divisor of n and s?
10
Suppose 16 - 1 = z. Let p(k) = k**2 - 12*k - 27. Let i be p(z). What is the greatest common divisor of i and 6?
6
Let g(k) = k**2 + 28*k - 76. Let h be g(-32). Calculate the greatest common factor of h and 52.
52
Let i(d) = d**2 - d**3 + 3*d + 0*d**2 - 6 + 1 - 5*d**2. Let j be i(-5). Suppose -21 + 11 = -j*a. What is the highest common factor of 20 and a?
2
Suppose 0 = 2*a + 2 - 4. Suppose 2*j - 4*v = -2*j + 80, 5*j - 130 = -v. Let y = -16 + j. What is the highest common factor of a and y?
1
Let t be (-3)/7 - 116930/(-70). What is the greatest common divisor of t and 20?
10
Suppose -15 = -5*b, -q + 4*b + 19 = b. What is the greatest common factor of 14 and q?
14
Suppose -90*b = -71*b - 3325. Calculate the highest common divisor of b and 315.
35
Suppose -3*g + 55 = -5*y - 1, -4*y + g = 42. Let p be y/(((-12)/20)/(-3)). Let c be 2/(-10) - 60/p. Calculate the greatest common factor of c and 8.
1
Let s be -4 + (-2 + 0 - -15). Let p be 202 - s/(36/16). Calculate the highest common divisor of p and 22.
22
Let n(o) = 40*o + 353. Let z be n(9). Calculate the greatest common divisor of 46 and z.
23
Let p = 83 + -20. Let b be p/4 + (-4)/(-16). Let j be -5 + 0 + 42/6. Calculate the highest common divisor of j and b.
2
Suppose 6*f = 8*f + 838. Let p = -350 - -945. Let l = p + f. What is the highest common factor of 16 and l?
16
Let g = 55 + -35. Let p = 14 - g. Let u(d) = -d**3 - 3*d**2 + 8*d - 5. Let v be u(p). Calculate the highest common factor of v and 22.
11
Let j(c) = 15*c + 5. Let u be j(-7). Let o be u/6 + (-4)/3. Let t = o + 30. What is the greatest common divisor of 60 and t?
12
Suppose 12 = -r - 3*y, 5*r - 35 = -0*r + 4*y. Let x(z) = 21*z**2 - z + 1. Let j be x(r). Suppose 2*p - 13 = 21. What is the highest common factor of p and j?
17
Let c = -1914 - -1926. Calculate the greatest common factor of 2808 and c.
12
Let a(h) = -6*h**2 - 55*h + 9. Let l be a(-9). What is the highest common divisor of 33 and l?
3
Let s be (-1)/((-45)/399) - 32/(-240). Calculate the greatest common factor of 531 and s.
9
Let x(d) = -5*d**3 + 6*d**2 - 4*d + 7. Let w(z) = -z**3 + 1. Let y(c) = -4*w(c) + x(c). Let i be y(4). What is the greatest common divisor of 209 and i?
19
Let b = 879 - -122. What is the highest common divisor of b and 273?
91
Let f be (1 + 0)/(4/180). Suppose 0 = 3*p - 381 + f. Let w = -33 - -47. Calculate the highest common divisor of w and p.
14
Let n be 19*(4/2)/((-12)/(-186)). What is the greatest common factor of n and 19?
19
Suppose -15*c + 119 = -14*c. Calculate the highest common factor of c and 17.
17
Let w be ((-864)/(-16))/((-6)/(-172)). Calculate the greatest common factor of 36 and w.
36
Let d be -5 + 0/8 - -12. What is the highest common divisor of d and 140?
7
Let j = -344 + 374. Calculate the highest common divisor of 720 and j.
30
Let a be ((-840)/(-350))/(1/5). What is the highest common divisor of 48 and a?
12
Let a = -201 - -61. Let j = a + 245. Suppose -21 = i - j. What is the highest common factor of 12 and i?
12
Let x be ((-2147)/76)/((6/(-3))/32). Calculate the greatest common divisor of x and 12.
4
Suppose -5*a - 5*v = -1815, -4*a + 1457 - 29 = -4*v. Calculate the greatest common factor of a and 80.
40
Suppose 2*g - 3 = -7. Let i be 5 - (-1)/g*4. Let f be (-580)/(-28) + 2/7. Calculate the greatest common factor of f and i.
3
Let a = -37 - -45. Suppose -f = -3, 3*l + 3*f = -f + 204. What is the highest common divisor of a and l?
8
Suppose b + 51 = 2*b. Let f(k) = 7*k - 60. Let n be f(11). Calculate the highest common divisor of b and n.
17
Let d be (-3)/3*2 + 850. Let k be 2/(3 + d/(-284)). Suppose 3*v = -3*s + 138, -8*s = 3*v - 3*s - k. What is the greatest common factor of 110 and v?
22
Let h = -143 + 262. Calculate the highest common divisor of 7 and h.
7
Let u = 410 - 350. Calculate the highest common divisor of 930 and u.
30
Let u = -34 + 10. Let y = -13 - u. Let w(c) = 4*c**2 - 4*c - 3. Let z be w(5). Calculate the greatest common factor of y and z.
11
Let t = -41 - -67. Suppose 54 = 2*v - 154. What is the greatest common factor of t and v?
26
Let v(a) = -a**3 - 5*a**2 + 129*a - 11. Let o be v(9). Calculate the highest common factor of 188 and o.
4
Suppose -7*c + 26 + 345 = 0. Calculate the greatest common divisor of 1219 and c.
53
Suppose 2*v - 8 = 0, 12*k = 9*k + 2*v + 1. What is the greatest common divisor of k and 37?
1
Suppose 138 - 66 = 2*k. Let t(u) = 13*u - 2. Let s be t(2). What is the highest common divisor of k and s?
12
Suppose -x + 4*m + 24 = 20, 2*m = 8. What is the highest common factor of 316 and x?
4
Suppose -2*t - t = 0. Suppose 5*h + 4*w - 316 = t, 2*w = -5*h + 5 + 313. Suppose 0 = v - h. What is the highest common divisor of v and 16?
16
Let l be 6*(0 + 4/6). Let g be 4 - (-3 - (6 - l)). Suppose -j + g = -2*j - 5*u, u + 4 = 0. What is the greatest common divisor of j and 11?
11
Suppose 209 + 85 = 21*b. What is the highest common divisor of 3052 and b?
14
Suppose -4*r = z - 2*z - 64, -2*z = -4*r + 64. Suppose 139 = 3*n - 143. Let t = n + -54. What is the greatest common factor of t and r?
8
Let k(q) = -q**3 - q**2 + q - 4. Let y be k(0). Let b be y/3 - 584/(-6). What is the highest common factor of b and 12?
12
Let s(y) = y**3 - 10*y**2 + 10*y - 5. Let x be s(9). Suppose -4*z = 4*m - 44, -5*z + 7*m + 71 = x*m. What is the highest common divisor of 91 and z?
13
Suppose 2*o = 3*z - 14, -z + 3*o + 142 - 149 = 0. Calculate the greatest common divisor of 62 and z.
2
Let s(j) = -355*j - 96. Let x be s(28). Let f be x/(-143) - ((-13)/(-11) + -1). What is the greatest common divisor of 42 and f?
14
Let u be (11/(99/(-12)))/((-3)/81). Let h be (-90)/(-35)*((-224)/6)/(-2). What is the highest common divisor of h and u?
12
Suppose 2 = -l + 6. Let h be 2/(1/(18/(-4))). Let n be ((-204)/h)/(l/6). What is the greatest common divisor of n and 34?
34
Let j be (6 - 6)*(-2)/(-2). Suppose 2*b - 4 = -j*b. Suppose 2*c - b = 3*a, -4*c + 10 + 10 = 2*a. What is the highest common factor of c and 36?
4
Let c be (25/(-15))/(5/(-6)). Suppose 0*r + 3*r - 15 = -3*x, -c*r = -5*x - 3. Calculate the highest common factor of 36 and r.
4
Suppose 3*y = -y + 4. Let t(s) = -6*s**2 + 3*s + 3. Let j be t(3). Let z be y - 2/2 - j. Calculate the greatest common divisor of z and 14.
14
Let t be ((-440)/60)/(2/(-45)). What is the highest common factor of 220 and t?
55
Let s = 247 - 202. Let j = 10 + 0. What is the highest common divisor of s and j?
5
Suppose -177*r = -189*r + 1620. What is the greatest common factor of r and 5?
5
Let d = 413 - 299. What is the highest common divisor of 12 and d?
6
Let z be 2/(-1 + (-11)/(-9)). Let o = 659 + -658. Calculate the highest common factor of z and o.
1
Let h be 15/18 + (-1474)/(-132). What is the highest common divisor of h and 84?
12
Let l be 34 - (-8 + 4 + 4). What is the highest common factor of 272 and l?
34
Let s(t) = 2*t**2 - 3*t - 11. Let r be s(5). Let b be (-606)/(-10) + (-69)/115. What is the greatest common factor of b and r?
12
Let x(g) = 3*g + 85. Let k be x(-17). What is the greatest common factor of 374 and k?
34
Let d = -336 - -339. Calculate the highest common divisor of 27 and d.
3
Suppose 5*o - 2*o - x - 29 = 0, o - x = 7. Let b be (-2)/(-10) + (-286)/5. Let j be b/(-5) + (-8)/20. What is the greatest common divisor of o and j?
11
Let k(d) = -d**3 + 9*d**2 + 4*d + 6. Let f be k(7). Let a be 1 + -2 - f/(-4). What is the greatest common divisor of 8 and a?
8
Let h(k) = -k**2 + 13*k - 15. Let d be (15/(-45))/(28/(-27) + 1). Let t be h(d). What is the highest common factor of 63 and t?
21
Let o be 211/(-2)*2*(-8)/8. Suppose -5*r = -811 + o. Suppose -2*n = -44 - 4. Calculate the greatest common divisor of r and n.
24
Let j = -302 - -353. What is the greatest common factor of 17 and j?
17
Let a(x) = x**3 - 14*x**2 - 6*x + 19. Let l be a(14). Let s(g) = 53*g - 1. Let o be s(-2). Let b = l - o. What is the highest common factor of b and 105?
21
Let t be (-72)/(-15) - (-1)/5. Let p(u) = -u + 3. Let b 